{"id":115,"date":"2018-07-31T10:08:28","date_gmt":"2018-07-31T10:08:28","guid":{"rendered":"http:\/\/zahnarzt-gruga.de\/?page_id=115"},"modified":"2018-08-02T14:09:43","modified_gmt":"2018-08-02T14:09:43","slug":"zahnersatz","status":"publish","type":"page","link":"https:\/\/zahnarzt-gruga.de\/?page_id=115","title":{"rendered":"Zahnersatz"},"content":{"rendered":"<p><img decoding=\"async\" loading=\"lazy\" class=\" wp-image-482 alignleft\" src=\"http:\/\/zahnarzt-gruga.de\/wp-content\/uploads\/2018\/07\/matthew-poetker-660084-unsplash-300x169.jpg\" alt=\"\" width=\"428\" height=\"241\" srcset=\"https:\/\/zahnarzt-gruga.de\/wp-content\/uploads\/2018\/07\/matthew-poetker-660084-unsplash-300x169.jpg 300w, https:\/\/zahnarzt-gruga.de\/wp-content\/uploads\/2018\/07\/matthew-poetker-660084-unsplash-768x432.jpg 768w, https:\/\/zahnarzt-gruga.de\/wp-content\/uploads\/2018\/07\/matthew-poetker-660084-unsplash-1024x576.jpg 1024w\" sizes=\"(max-width: 428px) 100vw, 428px\" \/><\/p>\n<p><strong>Ersatz ist Ersatz, eine Prothese bleibt eine Prothese! Man kann die Natur nicht \u00fcbertreffen!<\/strong><\/p>\n<p>Was will uns dieser Sinnspruch sagen?<\/p>\n<p style=\"font-weight: 400;\">Es wurden in den vergangenen Jahren durch die immensen Fortschritte in der\u00a0<em>Zahntechnik<\/em>\u00a0immer h\u00f6here Anspr\u00fcche an den\u00a0<em>Zahnersatz<\/em>\u00a0gestellt, bis schlie\u00dflich das Bewusstsein sich einstellte, dass\u00a0<em>Zahnersatz<\/em>\u00a0besser als die eigenen Z\u00e4hne seien.<\/p>\n<p>Dies ist nicht so und wird niemals so sein!<\/p>\n<p style=\"font-weight: 400;\">Deshalb gilt unser Hauptbestreben der Erhaltung der nat\u00fcrlichen Funktion und Sch\u00f6nheit des eigenen\u00a0<em>Gebisses<\/em>. Wenn dann aber trotzdem die Anfertigung eines\u00a0<em>Zahnersatzes<\/em>\u00a0notwendig werden sollte, so bleibt die Wiederherstellung der nat\u00fcrlichen \u00c4sthetik und Funktion unser oberstes Ziel. Eine gro\u00dfe Hilfe dabei ist z.B. die Entwicklung der gefr\u00e4sten\u00a0<em>Kronen- und Br\u00fcckenger\u00fcste<\/em>\u00a0aus\u00a0<em>Zirkonium-Oxyd<\/em>\u00a0geworden. Zusammen mit\u00a0den modernen\u00a0<em>Verblendkeramiken<\/em>\u00a0lassen sich sehr naturnahe Ergebnisse erzielen.<\/p>\n<p style=\"font-weight: 400;\"><strong>Haben Sie Fragen zu Zahnersatz?<\/strong><\/p>\n<p style=\"font-weight: 400;\"><strong>Sprechen Sie uns an! Wir beraten Sie gerne!<\/strong><\/p>\n","protected":false},"excerpt":{"rendered":"<p>Ersatz ist Ersatz, eine Prothese bleibt eine Prothese! Man kann die Natur nicht \u00fcbertreffen! Was will uns dieser Sinnspruch sagen? Es wurden in den vergangenen Jahren durch die immensen Fortschritte in der\u00a0Zahntechnik\u00a0immer h\u00f6here Anspr\u00fcche an den\u00a0Zahnersatz\u00a0gestellt, bis schlie\u00dflich das Bewusstsein sich einstellte, dass\u00a0Zahnersatz\u00a0besser als die eigenen Z\u00e4hne seien. Dies ist nicht so und wird niemals [&hellip;]<\/p>\n","protected":false},"author":1,"featured_media":482,"parent":14,"menu_order":0,"comment_status":"closed","ping_status":"closed","template":"","meta":[],"categories":[4],"tags":[],"_links":{"self":[{"href":"https:\/\/zahnarzt-gruga.de\/index.php?rest_route=\/wp\/v2\/pages\/115"}],"collection":[{"href":"https:\/\/zahnarzt-gruga.de\/index.php?rest_route=\/wp\/v2\/pages"}],"about":[{"href":"https:\/\/zahnarzt-gruga.de\/index.php?rest_route=\/wp\/v2\/types\/page"}],"author":[{"embeddable":true,"href":"https:\/\/zahnarzt-gruga.de\/index.php?rest_route=\/wp\/v2\/users\/1"}],"replies":[{"embeddable":true,"href":"https:\/\/zahnarzt-gruga.de\/index.php?rest_route=%2Fwp%2Fv2%2Fcomments&post=115"}],"version-history":[{"count":4,"href":"https:\/\/zahnarzt-gruga.de\/index.php?rest_route=\/wp\/v2\/pages\/115\/revisions"}],"predecessor-version":[{"id":558,"href":"https:\/\/zahnarzt-gruga.de\/index.php?rest_route=\/wp\/v2\/pages\/115\/revisions\/558"}],"up":[{"embeddable":true,"href":"https:\/\/zahnarzt-gruga.de\/index.php?rest_route=\/wp\/v2\/pages\/14"}],"wp:featuredmedia":[{"embeddable":true,"href":"https:\/\/zahnarzt-gruga.de\/index.php?rest_route=\/wp\/v2\/media\/482"}],"wp:attachment":[{"href":"https:\/\/zahnarzt-gruga.de\/index.php?rest_route=%2Fwp%2Fv2%2Fmedia&parent=115"}],"wp:term":[{"taxonomy":"category","embeddable":true,"href":"https:\/\/zahnarzt-gruga.de\/index.php?rest_route=%2Fwp%2Fv2%2Fcategories&post=115"},{"taxonomy":"post_tag","embeddable":true,"href":"https:\/\/zahnarzt-gruga.de\/index.php?rest_route=%2Fwp%2Fv2%2Ftags&post=115"}],"curies":[{"name":"wp","href":"https:\/\/api.w.org\/{rel}","templated":true}]}}