{"id":111,"date":"2018-07-31T10:08:43","date_gmt":"2018-07-31T10:08:43","guid":{"rendered":"http:\/\/zahnarzt-gruga.de\/?page_id=111"},"modified":"2018-07-31T23:16:45","modified_gmt":"2018-07-31T23:16:45","slug":"implantologie","status":"publish","type":"page","link":"https:\/\/zahnarzt-gruga.de\/?page_id=111","title":{"rendered":"Implantologie"},"content":{"rendered":"<p><img decoding=\"async\" loading=\"lazy\" class=\"wp-image-477 alignleft\" src=\"http:\/\/zahnarzt-gruga.de\/wp-content\/uploads\/2018\/07\/peter-kasprzyk-110926-unsplash-300x200.jpg\" alt=\"\" width=\"371\" height=\"247\" srcset=\"https:\/\/zahnarzt-gruga.de\/wp-content\/uploads\/2018\/07\/peter-kasprzyk-110926-unsplash-300x200.jpg 300w, https:\/\/zahnarzt-gruga.de\/wp-content\/uploads\/2018\/07\/peter-kasprzyk-110926-unsplash-768x512.jpg 768w, https:\/\/zahnarzt-gruga.de\/wp-content\/uploads\/2018\/07\/peter-kasprzyk-110926-unsplash-1024x682.jpg 1024w, https:\/\/zahnarzt-gruga.de\/wp-content\/uploads\/2018\/07\/peter-kasprzyk-110926-unsplash-520x345.jpg 520w, https:\/\/zahnarzt-gruga.de\/wp-content\/uploads\/2018\/07\/peter-kasprzyk-110926-unsplash-272x182.jpg 272w\" sizes=\"(max-width: 371px) 100vw, 371px\" \/><\/p>\n<p>Zahnlosigkeit im Alter ist heute kein unabwendbares Schicksal mehr! Durch verst\u00e4rktes Augenmerk auf Prophylaxe ist die Lebensdauer unserer nat\u00fcrlichen Z\u00e4hne in den letzten Jahren erheblich verl\u00e4ngert worden. Sollte aber\u00a0 trotzdem ein Zahn oder mehrere oder\u00a0letztlich alle Z\u00e4hne eines Kiefers verloren gegangen sein, so stellt die <em>Implantologie<\/em> heute eine hervorragende M\u00f6glichkeit dar, im Mundbereich wieder zu neuer Lebensqualit\u00e4t zu gelangen. <em>Implantate<\/em> sind, einfach ausgedr\u00fcckt, Schrauben aus <em>Titan<\/em> oder <em>Keramik<\/em>, die mit dem <em>Kieferknochen<\/em> homogen verwachsen. Darauf lassen sich, \u00e4hnlich wie auf nat\u00fcrlichen Z\u00e4hnen, Kronen f\u00fcr festsitzenden oder kombiniert festsitzendherausnehmbaren Zahnersatz verankern.<\/p>\n<p><strong>Wie werden Implantate eingesetzt?<\/strong><\/p>\n<p>In einer ersten Operation werden die Implantate in eine vorbereitete Bohrung in den Kieferknochen eingeschraubt. Zum Schutz des sich darin befindlichen Innengewindes wird das eingebrachte Implantat mit einer Deckschraube versehen und das Zahnfleisch dar\u00fcber f\u00fcr ca. 3-6 Monate wieder komplett zugen\u00e4ht. In dieser Zeit hat der Kieferknochen ausreichend Zeit, mit den Implantaten fest zu verwachsen. Nach dieser Einheilphase wird in einer Zweitoperation, meist mittels Stanzung der Schleimhaut, ein Zugang zu den nun kn\u00f6chern eingeheilten Implantaten geschaffen und die Suprakonstruktion f\u00fcr die prothetische Versorgung (Kronen, Br\u00fccken, Teilprothese oder im Extremfall sogar Totalprothese) aufgeschraubt. Der Herstellungsprozess f\u00fcr die prothetische Versorgung kann nun seinen Lauf nehmen.<\/p>\n<p>Durch g\u00fcnstige Liefervertr\u00e4ge mit unseren Materialpartnern k\u00f6nnen wir Ihnen auch attraktive Preise f\u00fcr <em>implantologische L\u00f6sungen<\/em> anbieten, wie z.B. Insertion zweier <em>Implantate<\/em> ab 600\u20ac.<\/p>\n<p>Sprechen Sie uns an! Wir beraten Sie gerne!<\/p>\n<p>&nbsp;<\/p>\n","protected":false},"excerpt":{"rendered":"<p>Zahnlosigkeit im Alter ist heute kein unabwendbares Schicksal mehr! Durch verst\u00e4rktes Augenmerk auf Prophylaxe ist die Lebensdauer unserer nat\u00fcrlichen Z\u00e4hne in den letzten Jahren erheblich verl\u00e4ngert worden. Sollte aber\u00a0 trotzdem ein Zahn oder mehrere oder\u00a0letztlich alle Z\u00e4hne eines Kiefers verloren gegangen sein, so stellt die Implantologie heute eine hervorragende M\u00f6glichkeit dar, im Mundbereich wieder zu [&hellip;]<\/p>\n","protected":false},"author":1,"featured_media":477,"parent":14,"menu_order":0,"comment_status":"closed","ping_status":"closed","template":"","meta":[],"categories":[4],"tags":[],"_links":{"self":[{"href":"https:\/\/zahnarzt-gruga.de\/index.php?rest_route=\/wp\/v2\/pages\/111"}],"collection":[{"href":"https:\/\/zahnarzt-gruga.de\/index.php?rest_route=\/wp\/v2\/pages"}],"about":[{"href":"https:\/\/zahnarzt-gruga.de\/index.php?rest_route=\/wp\/v2\/types\/page"}],"author":[{"embeddable":true,"href":"https:\/\/zahnarzt-gruga.de\/index.php?rest_route=\/wp\/v2\/users\/1"}],"replies":[{"embeddable":true,"href":"https:\/\/zahnarzt-gruga.de\/index.php?rest_route=%2Fwp%2Fv2%2Fcomments&post=111"}],"version-history":[{"count":3,"href":"https:\/\/zahnarzt-gruga.de\/index.php?rest_route=\/wp\/v2\/pages\/111\/revisions"}],"predecessor-version":[{"id":499,"href":"https:\/\/zahnarzt-gruga.de\/index.php?rest_route=\/wp\/v2\/pages\/111\/revisions\/499"}],"up":[{"embeddable":true,"href":"https:\/\/zahnarzt-gruga.de\/index.php?rest_route=\/wp\/v2\/pages\/14"}],"wp:featuredmedia":[{"embeddable":true,"href":"https:\/\/zahnarzt-gruga.de\/index.php?rest_route=\/wp\/v2\/media\/477"}],"wp:attachment":[{"href":"https:\/\/zahnarzt-gruga.de\/index.php?rest_route=%2Fwp%2Fv2%2Fmedia&parent=111"}],"wp:term":[{"taxonomy":"category","embeddable":true,"href":"https:\/\/zahnarzt-gruga.de\/index.php?rest_route=%2Fwp%2Fv2%2Fcategories&post=111"},{"taxonomy":"post_tag","embeddable":true,"href":"https:\/\/zahnarzt-gruga.de\/index.php?rest_route=%2Fwp%2Fv2%2Ftags&post=111"}],"curies":[{"name":"wp","href":"https:\/\/api.w.org\/{rel}","templated":true}]}}